e?
False
Is 1165429 a prime number?
False
Is 30223859 prime?
False
Is 2491733 prime?
False
Is 14168135 prime?
False
Is 9201821 a prime number?
True
Is 2005411 a prime number?
False
Is 2812385 prime?
False
Is 5105327 a prime number?
True
Is 50471149 prime?
True
Is 8300731 composite?
False
Is 26640827 a prime number?
True
Is 4067629 a composite number?
False
Is 10397441 a composite number?
False
Is 160914101 composite?
True
Is 749291 prime?
False
Is 2748463 prime?
False
Is 26209 prime?
True
Is 35282797 a prime number?
False
Is 80406247 composite?
True
Is 6043861 composite?
True
Is 75235957 prime?
True
Is 1101571 a prime number?
True
Is 191959759 a prime number?
True
Is 1945169 a prime number?
True
Is 180533 composite?
False
Is 73308419 a composite number?
True
Is 22808749 composite?
False
Is 7448051 a prime number?
False
Is 35175697 composite?
True
Is 44220259 a prime number?
True
Is 3897303 a composite number?
True
Is 135677455 a composite number?
True
Is 74468195 a composite number?
True
Is 18472991 composite?
True
Is 113556397 composite?
True
Is 385040823 a prime number?
False
Is 5245759 a prime number?
True
Is 47062177 composite?
False
Is 32752411 a prime number?
False
Is 16408529 prime?
True
Is 33907763 prime?
True
Is 9319181 prime?
True
Is 25688681 prime?
True
Is 14834 a composite number?
True
Is 3182591 a composite number?
False
Is 5018711 prime?
False
Is 57103229 a prime number?
False
Is 11575943 a prime number?
True
Is 7589161 prime?
False
Is 396582959 a composite number?
False
Is 944228159 composite?
True
Is 67904567 a prime number?
False
Is 40537763 a prime number?
False
Is 1919119 composite?
False
Is 2480441 composite?
False
Is 787139 a prime number?
True
Is 1242293 composite?
True
Is 261073 a composite number?
True
Is 55677313 a composite number?
True
Is 235774619 a composite number?
True
Is 31150835 prime?
False
Is 68143 a composite number?
True
Is 844313 prime?
False
Is 4194023 a prime number?
True
Is 1558909 a composite number?
True
Is 76027 a composite number?
True
Is 34348061 prime?
False
Is 2525338 a composite number?
True
Is 7632463 prime?
False
Is 180813 a prime number?
False
Is 2732545 prime?
False
Is 2971517 composite?
True
Is 73477823 a composite number?
True
Is 3125179 a composite number?
False
Is 5480809 composite?
False
Is 132718 prime?
False
Is 1607735 a composite number?
True
Is 1189037 a composite number?
True
Is 242453 a composite number?
False
Is 16265363 prime?
False
Is 2130851 composite?
True
Is 48493943 composite?
True
Is 879511 prime?
False
Is 96154379 a composite number?
True
Is 19772789 composite?
False
Is 267468563 prime?
True
Is 431954429 prime?
True
Is 1964363 composite?
False
Is 279993673 a composite number?
False
Is 32469449 composite?
False
Is 348599 composite?
True
Is 32650197 a composite number?
True
Is 20120999 a composite number?
False
Is 16793255 composite?
True
Is 5794583 composite?
True
Is 93109667 composite?
True
Is 26190295 prime?
False
Is 3293383 prime?
False
Is 3257871 a composite number?
True
Is 8732489 a composite number?
False
Is 921778017 composite?
True
Is 72301109 a composite number?
False
Is 1652779 a composite number?
True
Is 6944387 a prime number?
True
Is 33713441 prime?
True
Is 10962267 a prime number?
False
Is 338281 composite?
True
Is 1103180509 prime?
False
Is 245912969 a composite number?
False
Is 24940169 a composite number?
False
Is 156881657 composite?
False
Is 20906521 prime?
True
Is 4361131 a prime number?
True
Is 40483669 a prime number?
True
Is 1784021 a composite number?
False
Is 7593801 a composite number?
True
Is 36224249 prime?
False
Is 14010889 prime?
False
Is 148651007 a prime number?
False
Is 9988247 a prime number?
False
Is 34798397 composite?
False
Is 902387 composite?
True
Is 37583317 prime?
True
Is 189030707 a composite number?
True
Is 10958594 composite?
True
Is 4909679 composite?
False
Is 393141653 a prime number?
True
Is 268886609 a prime number?
True
Is 48815539 prime?
False
Is 2313239 a prime number?
True
Is 4369315 prime?
False
Is 209960683 prime?
True
Is 157600477 a composite number?
True
Is 39411501 a composite number?
True
Is 286845161 composite?
False
Is 8322359 composite?
False
Is 289173569 a prime number?
True
Is 14688341 a prime number?
False
Is 147599891 a composite number?
True
Is 33976843 a composite number?
False
Is 256933871 composite?
False
Is 2915063 a composite number?
True
Is 63950759 a prime number?
True
Is 223912679 prime?
False
Is 46613251 prime?
False
Is 15542413 a prime number?
True
Is 90293501 composite?
True
Is 6768761 prime?
True
Is 769930219 a prime number?
True
Is 131342617 a prime number?
False
Is 701082487 prime?
False
Is 3025721 a prime number?
False
Is 219184419 a prime number?
False
Is 185846929 a composite number?
True
Is 33489377 a prime number?
True
Is 262961669 prime?
False
Is 61069007 a prime number?
False
Is 54536423 composite?
True
Is 50891 composite?
False
Is 2895743 composite?
False
Is 65117914 prime?
False
Is 6275905 prime?
False
Is 706755713 a composite number?
False
Is 10989659 prime?
True
Is 2024471 composite?
False
Is 228793 prime?
True
Is 35209789 prime?
True
Is 601573471 prime?
True
Is 3526949 a composite number?
False
Is 5108713 prime?
True
Is 1843643 a prime number?
True
Is 1270361 prime?
True
Is 9827591 a composite number?
False
Is 415442737 a prime number?
False
Is 16541751 composite?
True
Is 350758661 a prime number?
False
Is 6477037 prime?
False
Is 1924151 a composite number?
True
Is 2251001 a composite number?
False
Is 6534113 a composite number?
True
Is 31135297 composite?
True
Is 633661 prime?
False
Is 2826589 a prime number?
False
Is 7502909 a prime number?
False
Is 224101 prime?
True
Is 73092295 a prime number?
False
Is 37459457 a prime number?
False
Is 3417371 a composite number?
False
Is 1376549 prime?
False
Is 49877927 composite?
True
Is 88285 prime?
False
Is 2358371 a prime number?
True
Is 1085746 prime?
False
Is 204786971 a prime number?
False
Is 8412245 prime?
False
Is 80427821 composite?
False
Is 3785549 a prime number?
True
Is 164361569 a prime number?
False
Is 82145593 a prime number?
True
Is 3821821 a composite number?
True
Is 181967767 a prime number?
False
Is 263537 a prime number?
True
Is 12847337 a prime number?
True
Is 648101 composite?
False
Is 16410463 composite?
False
Is 33053231 a prime number?
False
Is 53836897 prime?
True
Is 1245509 a composite number?
False
Is 12918199 composite?
True
Is 696047 composite?
True
Is 7953289 prime?
True
Is 519666121 a composite number?
True
Is 301973506 prime?
False
Is 37361591 composite?
True
Is 5840521 a prime number?
True
Is 2568361 a prime number?
True
Is 16712929 a prime number?
True
Is 2441311 composite?
False
Is 23529057 prime?
False
Is 21611783 composite?
False
Is 4177769 composite?
True
Is 5521826 a prime number?
False
Is 179606893 a prime number?
True
Is 21373037 a prime number?
False
Is 390067 prime?
True
Is 13014173 a composite number?
False
Is 6973319 a prime number?
True
Is 18388939 composite?
True
Is 6939191 composite?
True
Is 5585947 a composite number?
False
Is 87829549 a composite number?
False
Is 563890543 prime?
True
Is 25936717 a composite number?
False
Is 92625829 a composite number?
False
Is 7334017 prime?
False
Is 156911 a prime number?
False
Is 19486967 a composite number?
False
Is 996203 composite?
True
Is 46875139 a prime number?
True
Is 11228947 composite?
True
Is 102754669 prime?
True
Is 4034995 composite?
True
Is 4629247 prime?
False
Is 47779219 a composite number?
False
Is 87388673 prime?
True
Is 435079 prime?
False
Is 691193 a prime number?
True
Is 6910819 prime?
True
Is 20659997 a composite number?
False
Is 70289 a composite number?
False
Is 698423 prime?
False
Is 129525449 a prime number?
False
Is 244584537 a composite number?
True
Is 436823 prime?
False
Is 7165597 a composite number?
False
Is 3899593 prime?
False
Is 5005261 a composite number?
False
Is 7191319 prime?
True
Is 644513 a prime number?
True
Is 499382053 a prime number?
True
Is 17555737 a prime number?
False
Is 37686271 a prime number?
False
Is 19600597 composite?
False
Is 162024889 a composite number?
True
Is 103190431 composite?
False
Is 428691 prime?
False
Is 3669163 composite?
False
Is 2465321 a prime number?
False
Is 294028729 composite?
Fa